{"id":84,"date":"2021-10-20T17:07:50","date_gmt":"2021-10-20T15:07:50","guid":{"rendered":"https:\/\/www.benn-berlin.de\/wordpress\/?page_id=84"},"modified":"2025-04-16T15:51:17","modified_gmt":"2025-04-16T13:51:17","slug":"benninfos","status":"publish","type":"page","link":"https:\/\/rueckblick.benn-berlin.de\/wordpress\/benninfos\/","title":{"rendered":"\u00dcber BENN"},"content":{"rendered":"\n<div class=\"wp-block-group is-style-default\" style=\"padding-top:10px;padding-right:10px;padding-bottom:10px;padding-left:10px\"><div class=\"wp-block-group__inner-container is-layout-flow wp-block-group-is-layout-flow\">\n<p>Anfang 2017 hat die Senatsverwaltung f\u00fcr Stadtentwicklung, Bauen und Wohnen das Programm BENN &#8211; Berlin Entwickelt Neue Nachbarschaften gestartet. Das Programm wurde in 20 Nachbarschaften mit Unterk\u00fcnften f\u00fcr Gefl\u00fcchtete umgesetzt. In jedem BENN-Gebiet war ein Team als Ansprechpartner vor Ort aktiv. Das BENN-Team unterst\u00fctzt Bewohnerinnen und Bewohner sowie Einrichtungen bei der Umsetzung von Ideen und Projekten. Die in dieser Zeit durchgef\u00fchrten Ma\u00dfnahmen und Aktionen werden auf dieser Seite vorgestellt. <\/p>\n\n\n\n<p>Ziele von BENN ist es, den sozialen Zusammenhalt in den Quartieren zu st\u00e4rken und die Integration in den Quartieren zu f\u00f6rdern. BENN ist ein wichtiger Bestandteil f\u00fcr eine aktive und solidarische Stadtgesellschaft in Berlin.<\/p>\n\n\n\n<p>Seit Anfang 2022 wird das Programm in 23 Gebieten weitergef\u00fchrt. Aktuelle Information gibt es auf der Website der <a href=\"https:\/\/www.berlin.de\/sen\/stadtentwicklung\/quartiersentwicklung\/programme\/berlin-entwickelt-neue-nachbarschaften-benn\/\" class=\"ek-link\">Senatsverwaltung f\u00fcr Stadtentwicklung, Bauen und Wohnen<\/a>.<br>BENN wird von der Senatsverwaltung f\u00fcr Stadtentwicklung, Bauen und Wohnen in enger Zusammenarbeit mit den Bezirken umgesetzt.<\/p>\n\n\n<figure class=\"wp-block-embed-youtube wp-block-embed is-type-video is-provider-youtube\"><div class=\"lyte-wrapper\" title=\"Was ist eigentlich BENN?\" style=\"width:1280px;max-width:100%;margin:5px;\"><div class=\"lyMe\" id=\"WYL_M-Q13ZR180E\"><div id=\"lyte_M-Q13ZR180E\" data-src=\"https:\/\/i.ytimg.com\/vi\/M-Q13ZR180E\/hqdefault.jpg\" class=\"pL\"><div class=\"tC\"><div class=\"tT\">Was ist eigentlich BENN?<\/div><\/div><div class=\"play\"><\/div><div class=\"ctrl\"><div class=\"Lctrl\"><\/div><div class=\"Rctrl\"><\/div><\/div><\/div><noscript><a href=\"https:\/\/youtu.be\/M-Q13ZR180E\" rel=\"nofollow\"><img loading=\"lazy\" decoding=\"async\" src=\"https:\/\/i.ytimg.com\/vi\/M-Q13ZR180E\/0.jpg\" alt=\"Was ist eigentlich BENN?\" width=\"1280\" height=\"700\" \/><br \/>Dieses Video auf YouTube ansehen<\/a><\/noscript><\/div><\/div><div class=\"lL\" style=\"max-width:100%;width:1280px;margin:5px;\"><\/div><figcaption><\/figcaption><\/figure>\n\n\n<h2 class=\"wp-block-heading\">Impressum<\/h2>\n\n\n\n<h3 class=\"wp-block-heading\">Kontakt<\/h3>\n\n\n\n<p>Senatsverwaltung f\u00fcr Stadtentwicklung, Bauen und Wohnen<br>Referat F\u00f6rderung im Quartier<br>Fehrbelliner Platz 4<br>10707 Berlin<\/p>\n\n\n\n<p><strong>Ansprechpartnerin<br><\/strong>Ute Kr\u00fcger<br>Tel.: +49 (0)30 90139-4848<br>E-Mail: <a href=\"mailto:ute.krueger@senstadt.berlin.de\">ute.krueger@senstadt.berlin.de<\/a><\/p>\n\n\n\n<p>In dieser Zeit durchgef\u00fchrten Ma\u00dfnahmen und Aktionen werden auf dieser Seite vorgestellt.<\/p>\n<\/div><\/div>\n","protected":false},"excerpt":{"rendered":"<p>Anfang 2017 hat die Senatsverwaltung f\u00fcr Stadtentwicklung, Bauen und Wohnen das Programm BENN &#8211; Berlin Entwickelt Neue Nachbarschaften gestartet. Das Programm wurde in 20 Nachbarschaften mit Unterk\u00fcnften f\u00fcr Gefl\u00fcchtete umgesetzt. In jedem BENN-Gebiet war ein Team als Ansprechpartner vor Ort aktiv. Das BENN-Team unterst\u00fctzt Bewohnerinnen und Bewohner sowie Einrichtungen bei der Umsetzung von Ideen und&hellip; <a class=\"more-link\" href=\"https:\/\/rueckblick.benn-berlin.de\/wordpress\/benninfos\/\"><span class=\"screen-reader-text\">\u00dcber BENN<\/span> weiterlesen<\/a><\/p>\n","protected":false},"author":1,"featured_media":0,"parent":0,"menu_order":0,"comment_status":"closed","ping_status":"closed","template":"blank-slate-template.php","meta":{"_editorskit_title_hidden":false,"_editorskit_reading_time":0,"_editorskit_is_block_options_detached":false,"_editorskit_block_options_position":"{}","footnotes":""},"class_list":["post-84","page","type-page","status-publish","hentry","entry"],"_links":{"self":[{"href":"https:\/\/rueckblick.benn-berlin.de\/wordpress\/wp-json\/wp\/v2\/pages\/84","targetHints":{"allow":["GET"]}}],"collection":[{"href":"https:\/\/rueckblick.benn-berlin.de\/wordpress\/wp-json\/wp\/v2\/pages"}],"about":[{"href":"https:\/\/rueckblick.benn-berlin.de\/wordpress\/wp-json\/wp\/v2\/types\/page"}],"author":[{"embeddable":true,"href":"https:\/\/rueckblick.benn-berlin.de\/wordpress\/wp-json\/wp\/v2\/users\/1"}],"replies":[{"embeddable":true,"href":"https:\/\/rueckblick.benn-berlin.de\/wordpress\/wp-json\/wp\/v2\/comments?post=84"}],"version-history":[{"count":22,"href":"https:\/\/rueckblick.benn-berlin.de\/wordpress\/wp-json\/wp\/v2\/pages\/84\/revisions"}],"predecessor-version":[{"id":893,"href":"https:\/\/rueckblick.benn-berlin.de\/wordpress\/wp-json\/wp\/v2\/pages\/84\/revisions\/893"}],"wp:attachment":[{"href":"https:\/\/rueckblick.benn-berlin.de\/wordpress\/wp-json\/wp\/v2\/media?parent=84"}],"curies":[{"name":"wp","href":"https:\/\/api.w.org\/{rel}","templated":true}]}}